et g = -223 - -251. Suppose -g*r + 26*r = -5*d - 1855, 4*r + 4*d = 3696. List the prime factors of r.
5, 37
Let k(y) = -y**3 + y**2 + 5*y - 7. Suppose 17*o = 12*o - 30. What are the prime factors of k(o)?
5, 43
Let n(i) = 110*i - 4. Let r be n(2). Let y = 350 - r. List the prime factors of y.
2, 67
Let x = -13336 - -48652. What are the prime factors of x?
2, 3, 109
Let d(f) = -4*f - 9. Let b = -7 + 1. Let c be d(b). Let x = c + 9. List the prime factors of x.
2, 3
Suppose -2*u = -3*u + 4, 4*k - 32 = -5*u. Suppose 5*p + 5*s - 120 = 0, -k*p = -s + 10 - 62. Suppose 14*g = p*g - 275. List the prime factors of g.
5, 11
Let s(a) = a**2 - 6*a + 11. Let c be s(7). Suppose 0*b + c = -2*k + 5*b, -13 = -5*k - 2*b. List the prime factors of 68*(k + 0) + (-18 - -16).
2, 3, 11
Let g(n) = -n**2 + 5*n - 2. Let z be g(3). Suppose -2*f - 748 = -0*p - z*p, 4*p + 4*f = 760. What are the prime factors of p?
2, 47
Let t(l) = 1556*l - 2155. What are the prime factors of t(9)?
17, 41
Suppose 7*s - 488 = -355. Suppose s*o = 20*o - 1314. What are the prime factors of o?
2, 3, 73
Suppose 208*s + 65*s - 10435971 = 0. What are the prime factors of s?
7, 43, 127
Let s(z) be the second derivative of 13/2*z**2 + 0 + 5*z - 14/3*z**3. List the prime factors of s(-3).
97
Suppose -5*h + 2*a = 599, 4*h + 720 = -2*a + 248. Let z = 134 + h. What are the prime factors of z?
3, 5
Suppose 21 = 3*k - 5*o, -k + 24 = 6*o - 2*o. Let i(y) be the first derivative of 2*y**2 + 38*y + 72. List the prime factors of i(k).
2, 43
Suppose -4 = -15*z - 4. Suppose -k + 3918 = 4*u, -2*u + 5*k - 2*k + 1952 = z. What are the prime factors of u?
11, 89
Let w be ((-14)/(-8))/((-184)/32 + 6). Let j(k) be the third derivative of -5*k**4/24 + 8*k**3 + 17*k**2. List the prime factors of j(w).
13
Let n = -17177 - -17183. Let w(t) = 26*t + 15*t + 11*t - 52. List the prime factors of w(n).
2, 5, 13
Let x(q) be the third derivative of -q**6/40 - q**5/5 + q**4 + 55*q**3/3 - 168*q**2. List the prime factors of x(-10).
2, 5, 167
Suppose -18649 = -5*y + c, -44*c + 47*c + 3727 = y. List the prime factors of y.
2, 5, 373
Let g be (4/(-2))/(4/(-8)). Let r(n) = 4*n**2 + 22*n + 12. Let b be r(-5). What are the prime factors of g - 0 - b - -77?
79
Suppose 576*t - 575*t - 17709 = -p, -t + 17703 = -p. List the prime factors of t.
2, 3, 13, 227
Suppose 3*h + 376 = 4*t, 3*t = -0*t - 4*h + 282. Suppose 0 = t*u - 86*u - 2320. List the prime factors of u.
2, 5, 29
Suppose 4*a + b = -194, -2*a - 3*a - b - 243 = 0. Let j = -111 - a. Let z = j + 253. What are the prime factors of z?
191
Let a(t) be the third derivative of -7*t**6/24 - t**5/60 - t**4/12 + 30*t**2. Let s be a(-1). Suppose -h - h = -s. List the prime factors of h.
2, 3
Let p(r) be the third derivative of -5*r**4/3 - 23*r**3/6 + 231*r**2. List the prime factors of p(-9).
337
Suppose -3*j - r - 5 = 0, 7 = -2*j + 7*r - 4*r. What are the prime factors of (-10 - -314) + 8 + j?
2, 5, 31
Let w = -180 + 496. Let a = w - 127. Suppose -a = -3*n - 27. What are the prime factors of n?
2, 3
Let f(v) = 12*v**2 + 8*v + 12. Let s be f(-5). Let j = -47 + s. List the prime factors of j.
3, 5
Let x(z) = 2*z**3 - 66*z**2 + 66*z - 1. List the prime factors of x(36).
10151
Let g(o) = o**2 - 11*o - 10. Suppose -7*c - 13 = -8*c. Let v be g(c). Let f(s) = s**3 - 17*s**2 + 17*s + 3. What are the prime factors of f(v)?
19
Suppose 41 + 111 = -8*o. Let y(q) = -7*q + 8. What are the prime factors of y(o)?
3, 47
Let h(c) = 15*c**3 + 5 - 7*c + 2032*c**2 - 2027*c**2 + 14*c**3. What are the prime factors of h(2)?
3
Suppose 0 = -4*r + 3*a - 137, -2*a - 122 = 4*r - 0*a. Let v = -28 - r. Suppose -79 = -v*j + 305. List the prime factors of j.
2, 3
Let d(y) = 1043*y - 2272. What are the prime factors of d(24)?
2, 5, 569
Suppose r = -3*r + 836. Let j be ((-403)/124)/((0 - -4)/96). Let d = r + j. What are the prime factors of d?
131
Let g(x) = x**3 + 7*x**2 + 8*x + 7. Let r be g(-6). Let w = 1509 - 1483. List the prime factors of w + 0 + 3 + r.
2, 3
Suppose 0 = 2*w - y - 816, 20*w - 2*y + 1608 = 24*w. List the prime factors of w.
3, 5
Let q(p) = 22*p**2 + 19*p - 76. Let b be q(4). Let o = -146 + b. List the prime factors of o.
2, 103
Let q = -605 - -905. Suppose -432 = -u - q. What are the prime factors of u?
2, 3, 11
Let d = 9629 + -4410. List the prime factors of d.
17, 307
What are the prime factors of (15/(-35) + 1 - 241425/(-21)) + 0?
11497
Let h(t) = 5*t**2 + 14*t + 4. Suppose -3*f + 26 = q, 14 + 24 = 5*f - q. Suppose 0 = w + 2*i, -2 = 2*i - f. What are the prime factors of h(w)?
2, 5
Let m(p) = p**2 + 3*p. Let r be m(-3). Suppose 57 + 138 = 39*c. Suppose r = -u - 4*n + 38, -5*n = 2*u - c*u + 97. What are the prime factors of u?
2, 17
Suppose 5 = 5*a + 5. Suppose a = 5*p + 4*q + 163, 67 = 4*p + 2*q + 195. Let f = 33 - p. List the prime factors of f.
2
Let b be (7/14)/(1/28). Suppose 12 = 3*a + 2*q, 2*a + 7 = -q + b. Suppose 5*d = -a*h + 206, h = 3*h - 3*d - 174. What are the prime factors of h?
3, 31
Let k(z) = -5060*z - 1466. What are the prime factors of k(-3)?
2, 6857
Suppose -2*g - 5*i = -14218 - 11012, -3*g + 37845 = -3*i. List the prime factors of g.
3, 5, 29
Suppose -31 = r - 289. Suppose -7*v + r = -13*v. Let f = 75 + v. What are the prime factors of f?
2
Let v(q) = -5*q - 7. Let s be v(-5). Let u be ((-2748)/s)/((-2)/3). Let p = 346 - u. List the prime factors of p.
3, 13
Let s be (-3 - 50/(-2))/2. Let t be 0/(2/(2 - 3)). Let m = s - t. List the prime factors of m.
11
Suppose -5*k - 104 = -129, 3*j + 3*k = 170166. List the prime factors of j.
43, 1319
Let l be (1 - -2)*(-196)/21. Let c = l + 33. Suppose c*r = -0*r + 265. What are the prime factors of r?
53
List the prime factors of (228831/(-996))/(2/(-344)).
43, 919
Suppose 3*l = -4*i + 19358, 8*l - i - 32225 = 3*l. List the prime factors of l.
2, 11, 293
Let c be (4/6)/((-118)/531). Let k(o) = 50*o**2 - o + 3. What are the prime factors of k(c)?
2, 3, 19
Suppose 2*l = -6*s + 4*s, -3*l + 4 = 5*s. Let w be (3014/(-110))/(s/10). Let p = w - -169. List the prime factors of p.
2
What are the prime factors of -5 + (2 - -2 - 3363)*-3?
2, 1259
Let w(t) = 7*t**3 + 74*t**2 - 9*t + 6. Suppose u - 51 = -59. List the prime factors of w(u).
2, 3, 5, 41
Suppose -372 = 49*s - 53*s. Suppose 0 = -5*p - j - 2*j + 144, 4*p - s = 5*j. Suppose -307 = -7*u - p. List the prime factors of u.
2, 5
Let k be 1 + -55*8/(-4). Suppose -102*u + k*u - 4824 = 0. What are the prime factors of u?
2, 67
Let h = 45112 - 22820. List the prime factors of h.
2, 5573
Let g = 549 + -564. Let t(r) = r**3 + 14*r**2 - 17*r + 46. List the prime factors of t(g).
2, 19
Let x = 2 + -2. Suppose -4*b + 3*b + 640 = x. What are the prime factors of b?
2, 5
Let r(y) = 2*y**2 + 11*y - 8. Suppose 8*l + 54 + 2 = 0. Let v be r(l). Let i(u) = -u**3 + 13*u**2 + 3*u - 24. List the prime factors of i(v).
3, 5
Suppose -5*a + 5727 = 2*b, -21*b + 3449 = 3*a - 23*b. List the prime factors of a.
31, 37
Let j(p) be the third derivative of 0 - 2/3*p**4 + 0*p + 29/6*p**3 + 16*p**2. What are the prime factors of j(-8)?
157
Let f(k) = -k**3 + 15*k**2 + 3*k + 12. Let c(g) = g**2 + 6*g - 12. Let b be c(-9). List the prime factors of f(b).
3, 19
Let h(k) = 3180*k - 124. What are the prime factors of h(3)?
2, 11, 107
Suppose -4*f - 127 - 965 = 0. Let u = 410 - f. What are the prime factors of u?
683
Let x(d) = d**3 - 9*d**2 - 22*d + 3. Let f be x(11). List the prime factors of 2019/f - 30/(-6).
2, 3, 113
Let p(q) = 270*q**2 + 106*q + 1703. What are the prime factors of p(-13)?
5, 7, 13, 101
Suppose 2095 = b - d, 0*d - 3*d = -15. Suppose 19*i = 29*i - b. What are the prime factors of i?
2, 3, 5, 7
Let u(d) = d**3 + 40*d**2 + 26*d - 42. List the prime factors of u(-24).
2, 3, 5, 19
Suppose 15*w = 15056 + 30454. List the prime factors of w.
2, 37, 41
Let l(t) = 13*t - 6 - 10*t**2 - t**3 + 2*t**3 - 23*t. Let n be l(11). Suppose -342 = -5*d - 4*m, 9*d - 4*m - 288 = n*d. List the prime factors of d.
2, 5, 7
Suppose -3*m = 0, -5*n - 520 - 355 = 4*m. Let o be (999/6)/((-1)/2). Let u = n - o. List the prime factors of u.
2, 79
Let v be ((-2)/(-4))/((-34)/(-204)). Suppose 5*h - 2*q = v*q + 2675, 4*h - 2126 = -3*q. What are the prime factors of h?
13, 41
Suppose -5*c - v + 35 = 0, -4*v - 60 = -6*c + c. List the prime factor